(10/4 + -1)/((-30)/(-3940)) is divided by 22.
21
Calculate the remainder when -1 - ((-6)/(-6) - 10) - -217 is divided by 58.
51
Let w = -5 + 22. What is the remainder when 84 is divided by w?
16
Suppose 26*b - 64 = 22*b - 8*i, -4*b = -3*i - 20. What is the remainder when 1 - 108/(-2*1) is divided by b?
7
Suppose 19*r = -13 + 735. What is the remainder when r is divided by 23?
15
Let k(i) = i - 4. Let t(s) = s - 5. Let a(o) = -4*k(o) + 3*t(o). Let w(u) = -u**2 + 9*u - 5. Let p be w(9). What is the remainder when 22 is divided by a(p)?
4
Let g(n) = 5*n + 1. Suppose 0*f + f = 2. Calculate the remainder when g(6) is divided by f/(-3) - (-318)/18.
14
Suppose 10 = j - 4*v - 55, 289 = 5*j - 2*v. Calculate the remainder when 284 is divided by j.
56
Let n = 55 - 16. Let c(o) = -7*o - 6. Let i be c(-2). Suppose 3*p - 54 = -3*y, y = -4*p + 22 + i. What is the remainder when n is divided by y?
11
Let g(f) = 2*f**3 + f**2 - 5*f + 7. What is the remainder when 114 is divided by g(0)?
2
Suppose 4*o - 126 = 46. Suppose 3*y - 64 = -o. Calculate the remainder when 25 is divided by y.
4
Let z = 25 - 24. Let y(h) = h**3 + 13*h**2 - 2*h + 5. Let n(a) = -a**2 + a. Let u(p) = z*y(p) + 6*n(p). Calculate the remainder when u(-3) is divided by 8.
5
Suppose 516*l - 520*l = -248. What is the remainder when l is divided by 6?
2
Let h(r) = r**3 - 21*r**2 - 16*r + 36. Let b be h(22). Suppose 9*o - b = 3*o. Let g = 40 - 25. Calculate the remainder when o is divided by g.
13
Suppose -4*s - 20 = 0, -v - 3*s - 74 = 94. Let z = -102 - v. Let i(y) = 58*y - 89. What is the remainder when z is divided by i(2)?
24
Let l(p) = -p**3 - 2*p**2 - 10*p - 8. Calculate the remainder when l(-4) is divided by 11.
9
Let l = -17 + 26. Let p = l + 11. Let f = p + -11. What is the remainder when 17 is divided by f?
8
Let f be (-4)/10 - 22/(-55). Suppose -u + 8 = -f*u. Calculate the remainder when 13 is divided by u.
5
Let u(x) = -x**2 + x + 63. Let z be u(0). Suppose -5*s + 8 = -4*g - 62, s = 5*g - 7. What is the remainder when s is divided by 9*7/(z/12)?
6
Let s(o) be the third derivative of o**5/10 - 7*o**4/12 + 11*o**3/2 - 6*o**2. Calculate the remainder when s(6) is divided by 42.
39
Let o = -171 + 95. Let k = -35 - o. Let i = 26 - 5. What is the remainder when k is divided by i?
20
Let v(x) = -4*x**2 - 44*x + 52. What is the remainder when 146 is divided by v(-11)?
42
Suppose 5*a + 115 = -5*n, 5*a = -2*n - 20 - 14. Let c = -21 - n. Calculate the remainder when 10 is divided by c.
4
Suppose r + r = 0, 4*r = -v - 91. Calculate the remainder when v/52*(0 - 4) is divided by 4.
3
Let c = 13 + -37. Let m be 12/c*13*2. Let t = m + 18. Calculate the remainder when 7 is divided by t.
2
What is the remainder when 1*5 - (-71 + 57) is divided by 14?
5
Let u be (-8)/(-2)*3/(-2). Suppose 49 - 211 = -18*i. Calculate the remainder when 36/(-5)*20/u is divided by i.
6
Let s(v) = -4*v**2 + 4*v + 4. Let t be s(3). Let q = t - -33. Calculate the remainder when 37 is divided by q.
11
Suppose -25*w + 221 = -8*w. Let x(r) = -3*r - 9 + 10*r + 3. What is the remainder when x(6) is divided by w?
10
Let f = 421 + -212. Suppose -f + 809 = 6*n. Calculate the remainder when n is divided by 34.
32
Let b(l) = l**2 - 9*l + 10. Let g be (4 + 0)/(6*2/30). What is the remainder when 51 is divided by b(g)?
11
Let h(q) = -q**3 - 21*q**2 + 21*q + 43. Let o be h(-22). Let a(v) = 2*v - 3. What is the remainder when (-3)/(3 - 210/o) is divided by a(5)?
6
Suppose 0*j - 80 = -2*j - 3*b, -3*b + 154 = 4*j. What is the remainder when j is divided by 10?
7
Suppose -11*u + 0*u + 187 = 0. Calculate the remainder when 112 is divided by u.
10
What is the remainder when 125 is divided by ((-85)/(-15) - -3)*3/2?
8
Let r(a) = a**3 + 8*a**2 - 2*a + 1. Let n be r(-6). Let u = n + -60. What is the remainder when u is divided by 14?
11
Let n = 882 + -300. What is the remainder when n is divided by 21?
15
Let f = -15 - -22. Let v be (-1 + 0)*-4 + -1. Suppose -v*c + 4 = -2. Calculate the remainder when f is divided by c.
1
What is the remainder when 67 is divided by (6/((-270)/207))/(3/(-15))?
21
Suppose 0 = 2*a - 3*a - 5*b + 416, -2*a + 4*b + 776 = 0. What is the remainder when 8 is divided by a/60 - (-1 - 8/(-5))?
2
Suppose 4*b - 99 + 19 = 0. What is the remainder when 238 is divided by b?
18
Let y(x) = 2*x + 10. Let p be y(-5). Suppose p = -0*q - 7*q. Suppose -4*o = -q*o - 36. What is the remainder when 22 is divided by o?
4
Suppose 4*h - 106 = -5*f, -3*f = 5*h - f - 124. Let m(u) = 2*u**3 - 13*u**2 + 12*u - 14. Calculate the remainder when m(7) is divided by h.
23
Let g(k) = -12*k + 34*k - 69*k + 3*k + 6. Calculate the remainder when g(-2) is divided by (32/3)/(4/12).
30
Suppose 0 = -7*q + 4*q + 90. Suppose 4*j - j = 2*f + 54, -20 = -2*j - 4*f. Let t = j + -8. What is the remainder when q is divided by t?
6
Suppose f + 2 = -3. Let x(u) = u + 10. Suppose 2*v = -4*y + 32, -2*y + v + 5 = -7. What is the remainder when y is divided by x(f)?
2
Let g(s) = -69*s + 494. Suppose t = 3*t - 54. What is the remainder when t is divided by g(7)?
5
Let z = 1377 + -44. Calculate the remainder when z is divided by 29.
28
Let x = 59 - 43. Suppose -v = 3*g - 36, -x = g - 5*g. Calculate the remainder when v is divided by 15.
9
Let o(b) be the third derivative of b**6/30 - b**5/15 + b**4/8 - b**3/6 + 10*b**2. Calculate the remainder when o(2) is divided by 12.
9
Let f(q) = 3*q - 3. Let w be f(16). Suppose 4*d + 1 - w = 0. Calculate the remainder when 52 is divided by d.
8
Suppose -2*h - 5 = 2*u + u, -5*h + u = 38. Let i = h + 23. Calculate the remainder when 76 is divided by i.
12
Let s be (192/9)/(3/36). Let z be s/6 - (-6)/(-9). Suppose -5*a = 3*o - z, -4*a + 2*o + 31 = 7*o. Calculate the remainder when a is divided by 4.
1
Suppose -2*v - 4 + 2 = 0, 5*n + 889 = -4*v. Calculate the remainder when 77 is divided by n/(-9) + (-7)/(-21).
17
Let m = -33 - -73. Let q = m + -22. Calculate the remainder when 34 is divided by q.
16
What is the remainder when 2*(-2 + -1) + 268 is divided by 15?
7
Let n(k) = 5*k + 40. Let v be n(-7). Suppose v = a + 2. Calculate the remainder when a is divided by 0 - (-2 - (0 - 1)).
0
Let g(c) be the first derivative of 3*c**2/2 - 8*c - 20. Calculate the remainder when 39 is divided by g(6).
9
Let d(c) = 2*c + 100. Calculate the remainder when d(-26) is divided by 4.
0
Let z = 206 - 159. What is the remainder when z is divided by 24?
23
Let s = 10 + 0. What is the remainder when (6 + -4)/(0 - (-6)/33) is divided by s?
1
Let f(v) = v**3 + 14*v**2 + 6*v - 45. What is the remainder when f(-13) is divided by 1?
0
Let z = -16 - -22. Let v(u) = -5*u + 4*u - z*u - u**2 + 3 - 3*u. What is the remainder when 74 is divided by v(-8)?
17
Suppose -y - 2*p + 96 = 0, 2*y - 4*p + 94 = 3*y. Suppose -32 = -2*g + y. What is the remainder when g is divided by 34?
31
Let d(j) = 19*j**3 + j**2 - j + 1. Suppose -f - 2*f + 182 = b, -5*f + 3*b = -280. What is the remainder when f is divided by d(1)?
19
Let i = -18 - 7. Let g be 33/5 + (-10)/i. Suppose 0 = 12*q - g*q - 130. What is the remainder when q is divided by 14?
12
Let t(g) = 19*g**2 + 18*g + 11. Let l be t(-11). Calculate the remainder when 2/(-5) - l/(-80) is divided by 9.
8
Let a = 545 - 543. What is the remainder when 3 is divided by a?
1
Let o(y) = -2*y**2 - 33*y - 80. What is the remainder when 1035 is divided by o(-12)?
27
Suppose -4*d + 5*o + 0*o = -252, -3*d = -5*o - 194. What is the remainder when d is divided by 9?
4
Suppose 3*z + 0*m - 2*m - 83 = 0, -5*m = 2*z - 68. Let o = z + -8. What is the remainder when 102 is divided by o?
18
Suppose -17 = -2*c - 5*q, 2*c = -4*q + 3*q + 5. Let x be 43 + 7 - 1/c. Let t = x - 17. What is the remainder when t is divided by 11?
10
Let r(f) = -261*f - 2340. What is the remainder when r(-9) is divided by (-2*1*-2)/1?
1
Let g(k) = -2*k**2 - 2*k + 1. Let y be g(1). Let s be 24 - y*(-1)/3. Suppose 5*l + s - 68 = 0. Calculate the remainder when 26 is divided by l.
8
Suppose 0 = -n - 5*d + 182, -4*n = 2*d + 3*d - 653. What is the remainder when n is divided by 54?
49
Suppose 301*m - 311*m + 410 = 0. Calculate the remainder when 81 is divided by m.
40
Suppose -120 = -2*j + 2*y, j + 5*y = 10*y + 68. What is the remainder when j is divided by 15?
13
Let a(f) = -62*f**3 